(c/2)/1 + 3. Let q(d) = 4 - 25337*d + 25333*d - 4. Determine q(a).
-16
Let d(y) = -2*y + 16. Let z be d(5). Let v(q) = -q + 1. Let j(n) = 2*n - 3. Let m(r) = z*j(r) + 13*v(r). Let x be (10/(-6))/((-5)/(-18)). Give m(x).
1
Let n(t) be the second derivative of t**4/12 + 8*t**3/3 - 3*t**2/2 + 2707*t + 1. Calculate n(-17).
14
Let z(p) be the second derivative of 1/20*p**5 + 51*p - 1/4*p**4 + 3/2*p**2 + 0 - 5/6*p**3. Let d = 42 + -39. Determine z(d).
-12
Let h(x) = 17*x + 69 + 346*x**3 - 172*x**3 - 173*x**3 + 14*x**2 - 12. What is h(-13)?
5
Let c(k) = 3*k**3 + 4*k**2 - 4*k - 13. Let h(t) = t**3 + t**2 - t - 4. Let u(o) = 2*c(o) - 7*h(o). Let m be 2/15 - 2/15. Suppose m = -7*z - 5*z. Determine u(z).
2
Let l(c) be the third derivative of c**4/8 + c**3/3 - 10*c**2. Let z(n) = -n**2 + 4. Let y be (-3)/7*(-98)/14. Let j be z(y). Calculate l(j).
-13
Suppose 2*x = -2*x + 8. Suppose -1 = -x*h + 9. Let w(p) be the first derivative of -p**4/4 + 5*p**3/3 - 4*p - 200. Calculate w(h).
-4
Let k(v) be the first derivative of -16*v**2 + 2*v - 5208. Give k(-1).
34
Suppose -10*k - 12 = -3*n - 11*k, -18 = -n + 2*k. Let q(w) = -2*w**3 + 12*w**2 - w + 1. What is q(n)?
-5
Let u(z) = -14*z - 156. Let j(b) = -8*b - 91. Let l(r) = 5*j(r) - 3*u(r). Give l(-8).
-3
Let s(d) = -d**3 - 13*d**2 - 16*d + 8. Let a be (-2565)/(-570)*(-8)/3. Calculate s(a).
56
Let f(h) = -2*h**2 - 6*h. Let t be -4*9/(-4) + 40/(11 - 21). What is f(t)?
-80
Let r(k) be the second derivative of -k**4/12 - 3*k**3 - 9*k**2 - 3211*k. Determine r(-14).
38
Let y(r) be the third derivative of r**4/12 + 3*r**3/2 - r**2 + 1796. Calculate y(-5).
-1
Let f(h) = h**2 - 6*h - 7. Let t be f(6). Let c(r) = -38*r - 26. Suppose 6*y + 78 = -20*y. Let j(z) = -8*z - 5. Let s(i) = y*c(i) + 14*j(i). What is s(t)?
-6
Let x(r) be the second derivative of -r**4/12 + r**3/2 + 3*r**2 - 2*r. Suppose -2*y + 2*v + 12 = 0, 1841*y + v = 1845*y - 21. Determine x(y).
-4
Let q(k) = 1 + 0*k**2 + 8*k + 7 + k**2. Let z be 21/(-5) - 0 - (9794/(-295) - -35). Calculate q(z).
-4
Suppose 2*z = -9*z + 440. Suppose z = -6*g + 148. Suppose 0 = -5*u, d - 3*u = -2*d + g. Let f(m) = m**2 - 3*m - 7. Calculate f(d).
11
Let k(v) = 4*v**3 + 6*v**2 + v + 3. Let n(o) = -o**3 - o. Let y be 64 + (-3 - 2)*4/(-10). Let d = y - 61. Let m(h) = d*n(h) + k(h). Calculate m(5).
8
Let h(q) = -4*q - 4. Let m(u) = u**2 + 16*u - 42. Let a be m(-20). Let n = 57 - a. Suppose n*s = 17*s - 6. Determine h(s).
8
Let o(y) = 9*y + 9 - 3 - 3 + 1 + 8. Calculate o(-4).
-24
Let a(s) = -s**3 + 4*s**2 - s - 3. Suppose 0 = -32*t + 29*t + 12. Let i be a(t). Let v(b) = 2*b + 15. Determine v(i).
1
Let v(n) = -2 + 3 + 0. Let c(u) = -u - 2. Let w(y) = c(y) + 5*v(y). Let x be 710/7100 + ((-38)/(-20) - 2). Determine w(x).
3
Let s(v) = -v**3 + v**2 + 8*v. Let i(j) = -j**3 + 19*j**2 + 149*j + 23. Let q be i(25). Give s(q).
-4
Let h(z) = z**2 + 4. Let b(q) = 3*q - 16. Let f(v) = 2*v - 1. Let l be f(4). Let i be b(l). Suppose 5*u = -i*r + 35, 2*r - 21 - 1 = -4*u. Determine h(u).
20
Let r(j) = -j**2 - 2*j - 1. Suppose 25*o + 27 - 69 = 33. Let u be (-12)/9*(-3)/(-2). Let g be (-4 + (o - u))/(1/(-2)). Determine r(g).
-1
Let s(k) = 2*k - 4 + 3 - 6*k. Let x(a) = -13*a - 6. Let y(d) = 13*d + 7. Let p(n) = 5*x(n) + 4*y(n). Let t(v) = -2*p(v) + 7*s(v). Determine t(-3).
3
Let x = 4943 + -4951. Let d(f) = -6*f - 48. Give d(x).
0
Let y = 79 + -60. Suppose -20 = -y*z + 132. Let s(j) = -j**3 + 7*j**2 + 6*j + 9. What is s(z)?
-7
Let k(h) = 9*h + 12. Let r = 4316 + -4320. Calculate k(r).
-24
Let f(g) = -12969 - 20*g**2 + 6477 + 6477 - 2*g**3 - 21*g. Determine f(-9).
12
Let m(r) = -249*r + 106. Let q(v) = -48*v. Let d(x) = -2*m(x) + 10*q(x). Calculate d(12).
4
Let v(t) = -t**2 + 7*t + 1. Let y(r) = 2*r**3 + 9*r**2 + 23*r. Let c(x) = -3*v(x) + y(x). Calculate c(-6).
-15
Suppose d = -3*l, -71 + 77 = -2*d + d. Let q(s) = 5*s**2 - 7*s - 2. Determine q(l).
4
Let t(m) = 2*m**2 + 11*m + 7. Let w = -821 + 817. What is t(w)?
-5
Let y = 13858 + -13859. Let g(j) be the second derivative of j**4/3 + j**2/2 - j. Determine g(y).
5
Let u(q) = -q**3 - 2*q**2 - q + 2. Let d(s) = 4*s + 68. Let m be d(-11). Let h be ((-8)/m)/((-4)/(-36)). What is u(h)?
14
Let x(y) = 2*y + 3. Let q = 512 + -248. Let i = 264 - q. Calculate x(i).
3
Let a(b) = b - 5. Suppose 3*p + 7 = 3*t + p, p = -3*t + 10. Let q(o) = 1 - o**3 + 6 - 2*o + 0*o**3 + o + 3*o**2. Let s be q(t). Determine a(s).
-1
Let v(u) = 0 - u**2 - 4 + 0 + u. Suppose -10*h - 18*h + 112 = 0. What is v(h)?
-16
Suppose -3*q = -7 - 17. Let i(o) = -o**3 + 7*o**2 + 8*o. Let u be i(q). Suppose 0 = 4*p - u. Let y(r) = r**3 - 2. Give y(p).
-2
Let g(b) = b**2 + 2*b - 7. Suppose 10*p + 10 = 1 - 21. Give g(p).
-4
Let c(l) = 5*l**2 + 5 - 4*l**2 + 20 - 9 - 9 + 6*l. Let d be ((-10)/8)/(2/8). Give c(d).
2
Let j(x) = -40*x**2 - 16*x + 19. Let h(w) = 23*w**2 + 10*w - 10. Let p(o) = -7*h(o) - 4*j(o). Give p(-8).
-22
Suppose 2*t - 5*q = 9 - 24, 2*q + 15 = 5*t. Let m(k) = -8 - 719*k**2 + 1 - t*k + 722*k**2. Give m(5).
43
Let m(k) be the third derivative of k**4/6 - k**3/6 - k**2 + k. Let o(c) = c**3 + 10*c**2 + 21*c - 26. Let t be o(-5). What is m(t)?
-25
Let n(g) = -5*g + 59. Let y be (-5)/(385/(-861)) - (-2)/(-11). Let a be n(y). Let m(t) = 2 - 2 - 8 + t. What is m(a)?
-4
Suppose m + 27 = 40. Suppose 2*o - m*o + 99 = 0. Let j(u) = u**3 - 8*u**2 - 8*u + 9. Determine j(o).
18
Let i(z) = 2*z**2 - 2*z + 2. Let t be i(-4). Let f = 45 - t. Let u(w) = 0*w**2 + w**2 + 3*w**f - 7 - 2*w**3 - w - 6*w**2. Determine u(5).
-12
Suppose 7 - 34 = -3*f. Let n(r) be the first derivative of 10*r - 8 - 1/2*r**2. Calculate n(f).
1
Let m be -1*7*(176 - 175). Let g(l) = l**3 + 5*l**2 - 9*l + 3. Give g(m).
-32
Let s(q) = -q**3 + 7*q**2 - 8*q + 8. Let j be s(5). Let y be 4/j - (-375)/135. Suppose 0*d = y*d - 6. Let b(z) = -2*z**2 - z. Give b(d).
-10
Let n be 1/3 - (258/18 - 5). Let z(k) = k - 1. Let c be z(2). Let l(b) = -10*b - c + 4 - b**2 - 6 - 1. Calculate l(n).
5
Let d(b) = 14*b - 13. Let o(v) = 5*v - 4. Let i(n) = -12*n + 103. Let m be i(10). Let y(p) = m*o(p) + 6*d(p). Determine y(-7).
-3
Let y = -99 + 109. Suppose 3*k + 13 = -2*t, 0 = 2*t - k - 1 + y. Let m(v) = -v**3 - 4*v**2 + 8*v + 3. Calculate m(t).
-12
Let f(m) = -48*m**3 - 12*m**2 + 9*m + 25. Let r(o) = 125*o**3 + 30*o**2 - 23*o - 63. Let y(s) = 13*f(s) + 5*r(s). Determine y(3).
-11
Suppose -3*t = -o + 11 + 7, 0 = -o - 5*t - 22. Suppose -3*l - 3 = 9, -4*n - 20 = o*l. Let a(y) = y + y - 7*y - 2. Determine a(n).
8
Let i(n) be the third derivative of 7*n**6/120 + n**5/60 - n**3/6 - n**2. Let h(b) = 7*b + 8. Let o be h(-1). Suppose -560*f = -559*f + o. Give i(f).
-7
Suppose 188*a - 2199 = 329*a + 1749. Let s(f) = f**2 + 30*f + 38. Calculate s(a).
-18
Suppose 0 = -23*v - a + 7, -15*a + 11*a = -28. Let c(p) = p**3 + p**2 - p - 16. Determine c(v).
-16
Let b(g) be the second derivative of -g**5/5 + 125*g**4/12 - 5*g**3 - 35*g**2/2 + 3427*g. Calculate b(31).
-4
Let h be (-2)/(4 - (1 - -1)). Let k = 118 + -115. Let t be ((-4)/k)/(4/3 + h). Let d(c) = -c**3 - 3*c**2 + 7*c + 5. Give d(t).
-7
Let b(u) = -7*u**2 + 17*u + 14. Let z(p) = 12*p**2 - 33*p - 26. Let f(y) = 9*b(y) + 5*z(y). Give f(-10).
-184
Let b = 7372 - 7346. Let j(m) = 3*m - 66. What is j(b)?
12
Let s(n) = n**2 + 6*n. Let q be s(-6). Suppose 3*i = -5*p - 3 + 13, 4*i - 24 = 4*p. Let j(z) = 17 + i - z - 2 - 2. Determine j(q).
18
Suppose t + 0*t = 22. Let j be (((-1)/(-4))/(-1))/((-5)/500). Let c = j - t. Let z(x) = 2*x. Determine z(c).
6
Let q(w) be the second derivative of -w**7/504 - w**6/360 - w**5/60 - 7*w**4/6 - 17*w. Let k(z) be the third derivative of q(z). What is k(-1)?
-5
Let d(n) = 41*n + 156. Let g = -6946 + 6942. Calculate d(g).
-8
Let q(z) = 6*z**2 - 1. Let y(b) = b**3 - 9*b**2 + 12*b - 13. Let d be y(8). Let m(l) = l + 40. Let n be m(d). Suppose -t + 60 = n. Give q(t).
5
Let a(t) = -503 + 1037 + t**2 - 423 + 31*t. What is a(-27)?
3
Let u(g) = -g - 5. Let i(s) = 43*s + 11*s**2 + s**3 + 44 + 21*s - 60*s. Let m be i(-11). Determine u(m).
-5
Let h be (-8)/(-3)*3/(-2). Let a be h/(-4)*-2*(1 - 0). Let l be (8 - 7)/((4 + a)/(-4)). Let u(r) = r**2 - r - 1. Calculate u(l).
5
Let c(u) = -1 + 6*u - 3*u - 2*u - 2*u**3 - 2*u + u**2. Suppose -3*i + 48 = 3*i. Suppose 6*v - 10*v - i = 0. Determine c(v).
21
Let n(